5*q**2 + 20*q. Determine b(-1).
5
Let a(x) = -3*x**2 - 14*x - 18. Give a(-7).
-67
Let r(l) = 11*l - 167. Calculate r(16).
9
Let v(c) = 11*c - 8. Determine v(0).
-8
Let c(p) = -56*p - 2. Calculate c(-1).
54
Let o(b) = 3*b + 53. What is o(-17)?
2
Let f(j) = 11*j + 22. Determine f(-10).
-88
Let j(l) = 3*l**2 + 7*l + 1. Determine j(-3).
7
Let r(n) = 2*n - 5. Give r(7).
9
Let x(i) = 4*i - 13. What is x(3)?
-1
Let y(j) = -3*j + 9. Determine y(4).
-3
Let p(x) = -15*x**2 + 1. Calculate p(-1).
-14
Let z(n) = 74*n + 143. Determine z(-2).
-5
Let y(z) = z**3 + 6*z**2 - z + 3. What is y(-6)?
9
Let k(t) = 4*t + 5. Calculate k(-6).
-19
Let a(q) = 2*q. What is a(-4)?
-8
Let n(l) = l**2 + l - 14. Calculate n(3).
-2
Let g(w) = w**2 - 30*w + 215. What is g(17)?
-6
Let j(o) = -3*o + 6. Determine j(7).
-15
Let l(y) = -4*y + 1. What is l(2)?
-7
Let y(h) = -18*h + 82. Give y(5).
-8
Let s(l) = l**3 + 2*l**2 + 2*l. Give s(0).
0
Let x(m) = -4*m + 52. Determine x(17).
-16
Let a(d) = -12*d + 56. What is a(8)?
-40
Let s(r) = -r**3 - 20*r**2 + 46*r + 39. Determine s(-22).
-5
Let d(c) = -2*c - 1. What is d(-2)?
3
Let o(q) = -2*q**2 + 68*q - 23. Calculate o(34).
-23
Let h(f) = -4*f - 14. Give h(17).
-82
Let n(d) = -d**3 - 8*d**2 - 11*d. What is n(-6)?
-6
Let g(f) = f**3 - 22*f**2 + 19*f + 40. Calculate g(21).
-2
Let y(g) = -g**2 - 15*g - 18. Calculate y(-13).
8
Let j(h) = h**3 + 4*h**2 + h + 16. Calculate j(-3).
22
Let u(m) = m**2 - 7*m + 5. Calculate u(5).
-5
Let x(b) = -2*b**2 - 61*b - 276. Determine x(-25).
-1
Let u(s) = 2*s**2 - 2*s - 1. Give u(0).
-1
Let r(y) = y**3 - 13*y**2 - y + 2. What is r(13)?
-11
Let i(f) = f**3 + 11*f**2 - 22*f + 44. What is i(-13)?
-8
Let o(f) = -2*f. Give o(3).
-6
Let t(x) = -x**2 + 5*x + 13. Give t(9).
-23
Let p(m) = -2*m**2 - 15*m + 1. Determine p(-8).
-7
Let q(l) = 3*l**2 + 16*l - 32. What is q(-7)?
3
Let t(u) = u + 14. Calculate t(-5).
9
Let o(r) = -2*r**3 + 5*r**2 + 5*r + 1. What is o(-2)?
27
Let c(v) = -4*v - 57. What is c(-14)?
-1
Let u(i) = 112*i - 342. What is u(3)?
-6
Let l(j) = -125*j**3 - 3*j**2 + j + 1. Determine l(1).
-126
Let q(k) = 9*k + 92. Determine q(-10).
2
Let y(o) = o**2 - 4. What is y(5)?
21
Let s(i) = i**2 - 23*i - 182. Give s(29).
-8
Let s(p) = -p**2 - 10*p - 9. Calculate s(-10).
-9
Let q(l) = l**3 + 3*l - 2. Determine q(2).
12
Let q(v) = 5*v**3 - 9*v**2 - 9*v - 1. Determine q(-1).
-6
Let f(x) = 4*x**2 + 5*x + 1. Determine f(-1).
0
Let i(y) = -12*y - 1. Determine i(2).
-25
Let g(b) = -2*b - 9. Determine g(-8).
7
Let j(h) = h - 9. Determine j(3).
-6
Let y(r) = r**2 + 6*r - 2. Give y(-6).
-2
Let s(x) = x**2 + 4. Calculate s(-6).
40
Let y(g) = 9*g**2. Calculate y(1).
9
Let p(i) = -i**3 + 7*i**2 - 3*i + 4. What is p(5)?
39
Let q(l) = -l**3 + 32*l**2 - 61*l + 31. Determine q(30).
1
Let t(u) = u - 9. Determine t(22).
13
Let o(v) = -12*v**2 + v + 6. Give o(-2).
-44
Let r(c) = -c**3 + 13*c**2 + 55*c - 97. Calculate r(16).
15
Let a(i) = -9*i - 20. Calculate a(6).
-74
Let u(g) = -g**3 + 9*g**2 + g. What is u(8)?
72
Let o(y) = -y + 26. What is o(-27)?
53
Let u(f) = 16*f**2 - 3*f. Give u(1).
13
Let q(m) = m**2 + 5*m - 8. Give q(-5).
-8
Let a(v) = -v**3 - 13*v**2 + v + 9. What is a(-13)?
-4
Let q(l) = 3*l + 24. Determine q(-5).
9
Let s(j) = -j**3 - 4*j**2 + j + 7. What is s(-3)?
-5
Let n(k) = 11*k - 106. Determine n(8).
-18
Let b(j) = -j**3 + j**2 + j - 23. What is b(0)?
-23
Let j(d) = d**2 - 15*d - 8. Determine j(17).
26
Let c(w) = 29*w - 209. What is c(7)?
-6
Let s(q) = q**3 + 8*q**2 - 6*q + 20. Give s(-9).
-7
Let l(k) = 3*k**3 - k**2 - 2*k - 2. Calculate l(-2).
-26
Let h(b) = b**3 - 6*b**2 + 2*b - 6. Determine h(4).
-30
Let i(s) = -3*s**3 + s - 2. What is i(2)?
-24
Let b(w) = 4*w**3 + 37*w**2 + 2*w - 70. Calculate b(-9).
-7
Let v(w) = w + 3. Calculate v(3).
6
Let a(n) = -n + 5. Determine a(-4).
9
Let o(r) = 11*r + 29. Determine o(-3).
-4
Let t(a) = 4*a. Determine t(4).
16
Let d(z) = z**3 - 4*z**2 + 4*z + 1. Give d(4).
17
Let a(d) = 3*d**3 - d**2 - d + 2. Give a(-2).
-24
Let d(x) = -x**2 + 7*x - 2. What is d(4)?
10
Let n(d) = d**3 - 5*d**2 - 8*d + 4. Calculate n(5).
-36
Let h(g) = 17*g - 199. Calculate h(12).
5
Let g(j) = -17*j - 91. Determine g(-4).
-23
Let x(m) = 9*m**3 + m + 3. What is x(2)?
77
Let u(r) = 2*r**2 - 3*r + 1. Give u(2).
3
Let s(f) = 5*f - 5. What is s(7)?
30
Let b(o) = 3*o - 14. Calculate b(7).
7
Let p(s) = -10*s - 4. Determine p(-1).
6
Let b(v) = -2*v + 19. What is b(1)?
17
Let p(g) = -3*g + 1. Give p(0).
1
Let k(h) = h - 2. Calculate k(5).
3
Let s(k) = -k**2 - 16*k + 76. Determine s(-19).
19
Let c(t) = -18*t - 12. Determine c(-1).
6
Let s(x) = -2*x**2 - 6*x + 24. Calculate s(-4).
16
Let g(y) = y + 11. What is g(0)?
11
Let u(h) = -h**3 - 5*h**2 + 3*h - 6. What is u(-5)?
-21
Let s(x) = -x**2 - x - 15. What is s(-6)?
-45
Let h(f) = -f**3 + f**2 + 12*f + 3. Determine h(4).
3
Let m(t) = 3*t + 71. Determine m(-25).
-4
Let x(y) = -6*y + 22. Give x(7).
-20
Let o(l) = -5*l - 3. Give o(9).
-48
Let s(o) = o**3 - 13*o**2 + 32*o - 94. Give s(11).
16
Let w(q) = -q**2 + 11*q + 13. Give w(12).
1
Let c(l) = -3*l - 56. What is c(-18)?
-2
Let x(o) = -3*o**2. Determine x(-1).
-3
Let i(k) = 4*k**2 + 4*k - 3. Give i(2).
21
Let f(h) = 3*h - 32. What is f(17)?
19
Let u(h) = h**3 + 2*h**2 - 3*h + 7. Determine u(-3).
7
Let d(n) = n - 10. What is d(8)?
-2
Let m(x) = -x**3 - x**2 + 4*x - 3. Determine m(-4).
29
Let b(v) = 8*v - 5. Determine b(5).
35
Let d(h) = -h**3 - 9*h**2 + 4*h + 31. Calculate d(-9).
-5
Let w(b) = -b**2 - 2*b + 20. What is w(-6)?
-4
Let d(m) = -m**3 - 6*m**2 + 4*m - 9. Determine d(-7).
12
Let t(y) = y**3 - 4*y**2 - 7*y + 2. Determine t(5).
-8
Let j(u) = -2*u**3 + u**2 + 4*u + 4. What is j(0)?
4
Let c(t) = 5*t + 18. Determine c(-7).
-17
Let j(p) = 2*p**3 - 2*p**2 - 4*p - 3. What is j(4)?
77
Let d(m) = -15*m + 1. What is d(-1)?
16
Let f(y) = -y**3 - 5*y**2 + 2*y + 7. Calculate f(-6).
31
Let w(a) = -23*a**3 + 2*a + 2. Give w(-1).
23
Let c(a) = -a**3 + a**2 - 8*a + 7. Determine c(0).
7
Let o(t) = t**2 - 3*t + 7. Give o(0).
7
Let k(q) = 13*q**2 + q. Determine k(-1).
12
Let y(x) = 27*x + 522. Calculate y(-19).
9
Let r(w) = -w**2 - 14*w - 2. What is r(-11)?
31
Let s(v) = -v**3 - 3*v**2 + 5*v. Calculate s(-4).
-4
Let j(p) = -p + 3. What is j(-8)?
11
Let x(z) = -z**3 + 11*z**2 - 3*z - 12. Determine x(10).
58
Let b(g) = 7*g**2 - 45*g - 4. What is b(6)?
-22
Let j(n) = n**2 - 11*n - 1. Give j(6).
-31
Let a(o) = o**2 + 7*o + 13. What is a(-8)?
21
Let f(k) = -2*k - 18. Determine f(-12).
6
Let j(p) = -p**2 - 9*p + 32. Determine j(3).
-4
Let x(y) = y**2 - 16*y - 10. What is x(7)?
-73
Let l(v) = 2*v**2 + 3*v - 2. Give l(4).
42
Let j(i) = i**2 + 5*i - 14. Give j(-6).
-8
Let o(l) = -12*l - 112. Determine o(-9).
-4
Let w(g) = g**3 - 15*g**2 + 15*g + 1. Give w(14).
15
Let g(i) = -i**2 - 14*i + 19. Determine g(-15).
4
Let x(t) = t**2 + 11*t + 4. Give x(-6).
-26
Let z(n) = 4*n - 10. Determine z(6).
14
Let k(l) = -37*l + 15. Give k(1).
-22
Let v(p) = p**3 - 32*p**2 - 66*p - 61. Determine v(34).
7
Let j(y) = y**2 - 13*y + 48. Calculate j(8).
8
Let v(b) = -3*b**2 + 2*b + 6. Calculate v(4).
-34
Let a(w) = -20*w**2 - w. Calculate a(-1).
-19
Let z(u) = u**2 - 20*u - 40. Give z(22).
4
Let f(d) = -d**2 - 3*d + 2. Calculate f(1).
-2
Let w(c) = c**2 + 4*c - 19. Give w(-9).
26
Let p(f) = -f + 10. Determine p(-9).
19
Let u(r) = -6*r + 16. Give u(3).
-2
Let v(x) = -8*x**2 - 3*x + 11. Give v(-5).
-174
Let z(s) = -2*s**2 + 12*s - 4. Calculate z(6).
-4
Let u(p) = p**3 - 10*p**2 + 24*p + 6. What is u(6)?
6
Let l(p) = 3*p + 2. Give l(-2).
-4
Let j(v) = -8*v**3 - 4*v**2 + 2*v + 2. Give j(-1).
4
Let l(h) = -3*h**2 + h. Calculate l(2).
-10
Let y(m) = m**2 - 9*m + 8. Calculate y(6).
-10
Let w(y) = -y**3 - 16*y**2 - y - 8. Determine w(-16).
8
Let f(u) = u**3 + 23*u**2 - 22*u + 55. Calculate f(-24).
7
Let r(n) = 2*n**2 - 21*n - 1. Determine r(10).
-11
Let j(i) = 3*i**3 + 70*i**2 - 47*i + 24. What is j(-24)?
0
Let y(c) = 6*c + 17. What is y(2)?
29
Let d(y) = -2*y**2 + 2*y + 2. Calculate d(5).
-38
Let w(t) = 4*t - 10. Calculate w(-4).
-26
Let c(x) = -24*x - 139. Determine c(-6).
5
Let l(z) = 3*z**3 + 97*z**2 - 63*z + 92. Determine l(-33).
-7
Let b(q) = -q**2 - 2*q + 4. Give b(-4).
-4
Let i(o) = 2*o**2 + 5*o - 3. Give i(-10).
147
Let a(t) = 24*t + 81. Give a(-3).
